{"id":3401,"date":"2025-12-03T13:33:48","date_gmt":"2025-12-03T12:33:48","guid":{"rendered":"https:\/\/gil-photo.com\/index.php\/home\/"},"modified":"2026-03-15T18:59:52","modified_gmt":"2026-03-15T17:59:52","slug":"home","status":"publish","type":"page","link":"https:\/\/gil-photo.com\/","title":{"rendered":"Home"},"content":{"rendered":"\t\t<div data-elementor-type=\"wp-page\" data-elementor-id=\"3401\" class=\"elementor elementor-3401\">\n\t\t\t\t\t\t<section class=\"elementor-section elementor-top-section elementor-element elementor-element-7d98c7bb elementor-section-height-min-height elementor-section-items-stretch elementor-section-content-middle elementor-section-stretched elementor-section-boxed elementor-section-height-default\" data-id=\"7d98c7bb\" data-element_type=\"section\" data-e-type=\"section\" data-settings=\"{&quot;background_background&quot;:&quot;classic&quot;,&quot;stretch_section&quot;:&quot;section-stretched&quot;}\">\n\t\t\t\t\t\t<div class=\"elementor-container elementor-column-gap-no\">\n\t\t\t\t\t<div class=\"elementor-column elementor-col-100 elementor-top-column elementor-element elementor-element-73750f35\" data-id=\"73750f35\" data-element_type=\"column\" data-e-type=\"column\">\n\t\t\t<div class=\"elementor-widget-wrap elementor-element-populated\">\n\t\t\t\t\t\t<div class=\"elementor-element elementor-element-b3ca9e9 elementor-invisible elementor-widget elementor-widget-heading\" data-id=\"b3ca9e9\" data-element_type=\"widget\" data-e-type=\"widget\" data-settings=\"{&quot;_animation&quot;:&quot;fadeInUp&quot;}\" data-widget_type=\"heading.default\">\n\t\t\t\t<div class=\"elementor-widget-container\">\n\t\t\t\t\t<h1 class=\"elementor-heading-title elementor-size-default\">GILLES MICHEL<\/h1>\t\t\t\t<\/div>\n\t\t\t\t<\/div>\n\t\t\t\t<div class=\"elementor-element elementor-element-f4eafa8 elementor-pagination-position-outside elementor-widget elementor-widget-image-carousel\" data-id=\"f4eafa8\" data-element_type=\"widget\" data-e-type=\"widget\" data-settings=\"{&quot;slides_to_show&quot;:&quot;2&quot;,&quot;slides_to_scroll&quot;:&quot;1&quot;,&quot;navigation&quot;:&quot;dots&quot;,&quot;lazyload&quot;:&quot;yes&quot;,&quot;pause_on_hover&quot;:&quot;no&quot;,&quot;image_spacing_custom&quot;:{&quot;unit&quot;:&quot;px&quot;,&quot;size&quot;:15,&quot;sizes&quot;:[]},&quot;slides_to_show_tablet&quot;:&quot;1&quot;,&quot;autoplay&quot;:&quot;yes&quot;,&quot;pause_on_interaction&quot;:&quot;yes&quot;,&quot;autoplay_speed&quot;:5000,&quot;infinite&quot;:&quot;yes&quot;,&quot;speed&quot;:500}\" data-widget_type=\"image-carousel.default\">\n\t\t\t\t<div class=\"elementor-widget-container\">\n\t\t\t\t\t\t\t<div class=\"elementor-image-carousel-wrapper swiper\" role=\"region\" aria-roledescription=\"carousel\" aria-label=\"Carrousel d\u2019images\" dir=\"ltr\">\n\t\t\t<div class=\"elementor-image-carousel swiper-wrapper\" aria-live=\"off\">\n\t\t\t\t\t\t\t\t<div class=\"swiper-slide\" role=\"group\" aria-roledescription=\"slide\" aria-label=\"1 sur 7\"><figure class=\"swiper-slide-inner\"><img class=\"swiper-slide-image swiper-lazy\" data-src=\"https:\/\/gil-photo.com\/wp-content\/uploads\/2026\/03\/Exposition-lueurs-Dijon-1.jpg\" alt=\"Exposition-lueurs-Dijon\" \/><div class=\"swiper-lazy-preloader\"><\/div><\/figure><\/div><div class=\"swiper-slide\" role=\"group\" aria-roledescription=\"slide\" aria-label=\"2 sur 7\"><figure class=\"swiper-slide-inner\"><img class=\"swiper-slide-image swiper-lazy\" data-src=\"https:\/\/gil-photo.com\/wp-content\/uploads\/2025\/12\/Gilles-Michel-photographies-2-1.jpg\" alt=\"Gilles-Michel-photographies-2\" \/><div class=\"swiper-lazy-preloader\"><\/div><\/figure><\/div><div class=\"swiper-slide\" role=\"group\" aria-roledescription=\"slide\" aria-label=\"3 sur 7\"><figure class=\"swiper-slide-inner\"><img class=\"swiper-slide-image swiper-lazy\" data-src=\"https:\/\/gil-photo.com\/wp-content\/uploads\/2025\/12\/Gilles-Michel-photographies-3.jpg\" alt=\"Gilles-Michel-photographies-3\" \/><div class=\"swiper-lazy-preloader\"><\/div><\/figure><\/div><div class=\"swiper-slide\" role=\"group\" aria-roledescription=\"slide\" aria-label=\"4 sur 7\"><figure class=\"swiper-slide-inner\"><img class=\"swiper-slide-image swiper-lazy\" data-src=\"https:\/\/gil-photo.com\/wp-content\/uploads\/2025\/12\/Gilles-Michel-artiste2.jpg\" alt=\"Gilles-Michel-artiste2\" \/><div class=\"swiper-lazy-preloader\"><\/div><\/figure><\/div><div class=\"swiper-slide\" role=\"group\" aria-roledescription=\"slide\" aria-label=\"5 sur 7\"><figure class=\"swiper-slide-inner\"><img class=\"swiper-slide-image swiper-lazy\" data-src=\"https:\/\/gil-photo.com\/wp-content\/uploads\/2025\/12\/Gilles-Michel-photographies.jpg\" alt=\"Gilles-Michel-photographies\" \/><div class=\"swiper-lazy-preloader\"><\/div><\/figure><\/div><div class=\"swiper-slide\" role=\"group\" aria-roledescription=\"slide\" aria-label=\"6 sur 7\"><figure class=\"swiper-slide-inner\"><img class=\"swiper-slide-image swiper-lazy\" data-src=\"https:\/\/gil-photo.com\/wp-content\/uploads\/2025\/12\/Gilles-Michel-artiste.jpg\" alt=\"Gilles-Michel-artiste\" \/><div class=\"swiper-lazy-preloader\"><\/div><\/figure><\/div><div class=\"swiper-slide\" role=\"group\" aria-roledescription=\"slide\" aria-label=\"7 sur 7\"><figure class=\"swiper-slide-inner\"><img class=\"swiper-slide-image swiper-lazy\" data-src=\"https:\/\/gil-photo.com\/wp-content\/uploads\/2025\/12\/Gilles-Michel-Artiste-1.jpg\" alt=\"Gilles-Michel-Artiste\" \/><div class=\"swiper-lazy-preloader\"><\/div><\/figure><\/div>\t\t\t<\/div>\n\t\t\t\t\t\t\t\n\t\t\t\t\t\t\t\t\t<div class=\"swiper-pagination\"><\/div>\n\t\t\t\t\t\t\t\t\t<\/div>\n\t\t\t\t\t\t<\/div>\n\t\t\t\t<\/div>\n\t\t\t\t\t<\/div>\n\t\t<\/div>\n\t\t\t\t\t<\/div>\n\t\t<\/section>\n\t\t\t\t<\/div>\n\t\t","protected":false},"excerpt":{"rendered":"<p>GILLES MICHEL<\/p>\n","protected":false},"author":1,"featured_media":0,"parent":0,"menu_order":0,"comment_status":"closed","ping_status":"closed","template":"elementor_header_footer","meta":{"_monsterinsights_skip_tracking":false,"_monsterinsights_sitenote_active":false,"_monsterinsights_sitenote_note":"","_monsterinsights_sitenote_category":0,"site-sidebar-layout":"default","site-content-layout":"","ast-site-content-layout":"default","site-content-style":"default","site-sidebar-style":"default","ast-global-header-display":"","ast-banner-title-visibility":"","ast-main-header-display":"","ast-hfb-above-header-display":"","ast-hfb-below-header-display":"","ast-hfb-mobile-header-display":"","site-post-title":"","ast-breadcrumbs-content":"","ast-featured-img":"","footer-sml-layout":"","theme-transparent-header-meta":"","adv-header-id-meta":"","stick-header-meta":"","header-above-stick-meta":"","header-main-stick-meta":"","header-below-stick-meta":"","astra-migrate-meta-layouts":"set","ast-page-background-enabled":"default","ast-page-background-meta":{"desktop":{"background-color":"var(--ast-global-color-4)","background-image":"","background-repeat":"repeat","background-position":"center center","background-size":"auto","background-attachment":"scroll","background-type":"","background-media":"","overlay-type":"","overlay-color":"","overlay-opacity":"","overlay-gradient":""},"tablet":{"background-color":"","background-image":"","background-repeat":"repeat","background-position":"center center","background-size":"auto","background-attachment":"scroll","background-type":"","background-media":"","overlay-type":"","overlay-color":"","overlay-opacity":"","overlay-gradient":""},"mobile":{"background-color":"","background-image":"","background-repeat":"repeat","background-position":"center center","background-size":"auto","background-attachment":"scroll","background-type":"","background-media":"","overlay-type":"","overlay-color":"","overlay-opacity":"","overlay-gradient":""}},"ast-content-background-meta":{"desktop":{"background-color":"var(--ast-global-color-5)","background-image":"","background-repeat":"repeat","background-position":"center center","background-size":"auto","background-attachment":"scroll","background-type":"","background-media":"","overlay-type":"","overlay-color":"","overlay-opacity":"","overlay-gradient":""},"tablet":{"background-color":"var(--ast-global-color-5)","background-image":"","background-repeat":"repeat","background-position":"center center","background-size":"auto","background-attachment":"scroll","background-type":"","background-media":"","overlay-type":"","overlay-color":"","overlay-opacity":"","overlay-gradient":""},"mobile":{"background-color":"var(--ast-global-color-5)","background-image":"","background-repeat":"repeat","background-position":"center center","background-size":"auto","background-attachment":"scroll","background-type":"","background-media":"","overlay-type":"","overlay-color":"","overlay-opacity":"","overlay-gradient":""}},"footnotes":""},"class_list":["post-3401","page","type-page","status-publish","hentry"],"yoast_head":"<!-- This site is optimized with the Yoast SEO plugin v27.0 - https:\/\/yoast.com\/product\/yoast-seo-wordpress\/ -->\n<title>Photographe - Gilles Michel, artiste photographe \u00e0 Dijon<\/title>\n<meta name=\"description\" content=\"Mes photographies ne livrent pas un r\u00e9cit unique, elles invitent le spectateur \u00e0 en construire un, personnel, offrant \u00e0 l\u2019imagination la possibilit\u00e9 de se d\u00e9ployer hors-champ.\" \/>\n<meta name=\"robots\" content=\"index, follow, max-snippet:-1, max-image-preview:large, max-video-preview:-1\" \/>\n<link rel=\"canonical\" href=\"https:\/\/gil-photo.com\/\" \/>\n<meta property=\"og:locale\" content=\"fr_FR\" \/>\n<meta property=\"og:type\" content=\"article\" \/>\n<meta property=\"og:title\" content=\"Photographe - Gilles Michel, artiste photographe \u00e0 Dijon\" \/>\n<meta property=\"og:description\" content=\"Mes photographies ne livrent pas un r\u00e9cit unique, elles invitent le spectateur \u00e0 en construire un, personnel, offrant \u00e0 l\u2019imagination la possibilit\u00e9 de se d\u00e9ployer hors-champ.\" \/>\n<meta property=\"og:url\" content=\"https:\/\/gil-photo.com\/\" \/>\n<meta property=\"og:site_name\" content=\"GILLES MICHEL\" \/>\n<meta property=\"article:modified_time\" content=\"2026-03-15T17:59:52+00:00\" \/>\n<meta property=\"og:image\" content=\"https:\/\/gil-photo.com\/wp-content\/uploads\/2026\/03\/Exposition-lueurs-Dijon-1.jpg\" \/>\n<meta name=\"twitter:card\" content=\"summary_large_image\" \/>\n<meta name=\"twitter:label1\" content=\"Dur\u00e9e de lecture estim\u00e9e\" \/>\n\t<meta name=\"twitter:data1\" content=\"3 minutes\" \/>\n<script type=\"application\/ld+json\" class=\"yoast-schema-graph\">{\"@context\":\"https:\/\/schema.org\",\"@graph\":[{\"@type\":\"WebPage\",\"@id\":\"https:\/\/gil-photo.com\/\",\"url\":\"https:\/\/gil-photo.com\/\",\"name\":\"Photographe - Gilles Michel, artiste photographe \u00e0 Dijon\",\"isPartOf\":{\"@id\":\"https:\/\/gil-photo.com\/#website\"},\"primaryImageOfPage\":{\"@id\":\"https:\/\/gil-photo.com\/#primaryimage\"},\"image\":{\"@id\":\"https:\/\/gil-photo.com\/#primaryimage\"},\"thumbnailUrl\":\"https:\/\/gil-photo.com\/wp-content\/uploads\/2026\/03\/Exposition-lueurs-Dijon-1.jpg\",\"datePublished\":\"2025-12-03T12:33:48+00:00\",\"dateModified\":\"2026-03-15T17:59:52+00:00\",\"description\":\"Mes photographies ne livrent pas un r\u00e9cit unique, elles invitent le spectateur \u00e0 en construire un, personnel, offrant \u00e0 l\u2019imagination la possibilit\u00e9 de se d\u00e9ployer hors-champ.\",\"breadcrumb\":{\"@id\":\"https:\/\/gil-photo.com\/#breadcrumb\"},\"inLanguage\":\"fr-FR\",\"potentialAction\":[{\"@type\":\"ReadAction\",\"target\":[\"https:\/\/gil-photo.com\/\"]}]},{\"@type\":\"ImageObject\",\"inLanguage\":\"fr-FR\",\"@id\":\"https:\/\/gil-photo.com\/#primaryimage\",\"url\":\"https:\/\/gil-photo.com\/wp-content\/uploads\/2026\/03\/Exposition-lueurs-Dijon-1.jpg\",\"contentUrl\":\"https:\/\/gil-photo.com\/wp-content\/uploads\/2026\/03\/Exposition-lueurs-Dijon-1.jpg\",\"width\":902,\"height\":671},{\"@type\":\"BreadcrumbList\",\"@id\":\"https:\/\/gil-photo.com\/#breadcrumb\",\"itemListElement\":[{\"@type\":\"ListItem\",\"position\":1,\"name\":\"Accueil\",\"item\":\"https:\/\/gil-photo.com\/\"},{\"@type\":\"ListItem\",\"position\":2,\"name\":\"Home\"}]},{\"@type\":\"WebSite\",\"@id\":\"https:\/\/gil-photo.com\/#website\",\"url\":\"https:\/\/gil-photo.com\/\",\"name\":\"GILLES MICHEL\",\"description\":\"Photographies\",\"potentialAction\":[{\"@type\":\"SearchAction\",\"target\":{\"@type\":\"EntryPoint\",\"urlTemplate\":\"https:\/\/gil-photo.com\/?s={search_term_string}\"},\"query-input\":{\"@type\":\"PropertyValueSpecification\",\"valueRequired\":true,\"valueName\":\"search_term_string\"}}],\"inLanguage\":\"fr-FR\"}]}<\/script>\n<!-- \/ Yoast SEO plugin. -->","yoast_head_json":{"title":"Photographe - Gilles Michel, artiste photographe \u00e0 Dijon","description":"Mes photographies ne livrent pas un r\u00e9cit unique, elles invitent le spectateur \u00e0 en construire un, personnel, offrant \u00e0 l\u2019imagination la possibilit\u00e9 de se d\u00e9ployer hors-champ.","robots":{"index":"index","follow":"follow","max-snippet":"max-snippet:-1","max-image-preview":"max-image-preview:large","max-video-preview":"max-video-preview:-1"},"canonical":"https:\/\/gil-photo.com\/","og_locale":"fr_FR","og_type":"article","og_title":"Photographe - Gilles Michel, artiste photographe \u00e0 Dijon","og_description":"Mes photographies ne livrent pas un r\u00e9cit unique, elles invitent le spectateur \u00e0 en construire un, personnel, offrant \u00e0 l\u2019imagination la possibilit\u00e9 de se d\u00e9ployer hors-champ.","og_url":"https:\/\/gil-photo.com\/","og_site_name":"GILLES MICHEL","article_modified_time":"2026-03-15T17:59:52+00:00","og_image":[{"url":"https:\/\/gil-photo.com\/wp-content\/uploads\/2026\/03\/Exposition-lueurs-Dijon-1.jpg","type":"","width":"","height":""}],"twitter_card":"summary_large_image","twitter_misc":{"Dur\u00e9e de lecture estim\u00e9e":"3 minutes"},"schema":{"@context":"https:\/\/schema.org","@graph":[{"@type":"WebPage","@id":"https:\/\/gil-photo.com\/","url":"https:\/\/gil-photo.com\/","name":"Photographe - Gilles Michel, artiste photographe \u00e0 Dijon","isPartOf":{"@id":"https:\/\/gil-photo.com\/#website"},"primaryImageOfPage":{"@id":"https:\/\/gil-photo.com\/#primaryimage"},"image":{"@id":"https:\/\/gil-photo.com\/#primaryimage"},"thumbnailUrl":"https:\/\/gil-photo.com\/wp-content\/uploads\/2026\/03\/Exposition-lueurs-Dijon-1.jpg","datePublished":"2025-12-03T12:33:48+00:00","dateModified":"2026-03-15T17:59:52+00:00","description":"Mes photographies ne livrent pas un r\u00e9cit unique, elles invitent le spectateur \u00e0 en construire un, personnel, offrant \u00e0 l\u2019imagination la possibilit\u00e9 de se d\u00e9ployer hors-champ.","breadcrumb":{"@id":"https:\/\/gil-photo.com\/#breadcrumb"},"inLanguage":"fr-FR","potentialAction":[{"@type":"ReadAction","target":["https:\/\/gil-photo.com\/"]}]},{"@type":"ImageObject","inLanguage":"fr-FR","@id":"https:\/\/gil-photo.com\/#primaryimage","url":"https:\/\/gil-photo.com\/wp-content\/uploads\/2026\/03\/Exposition-lueurs-Dijon-1.jpg","contentUrl":"https:\/\/gil-photo.com\/wp-content\/uploads\/2026\/03\/Exposition-lueurs-Dijon-1.jpg","width":902,"height":671},{"@type":"BreadcrumbList","@id":"https:\/\/gil-photo.com\/#breadcrumb","itemListElement":[{"@type":"ListItem","position":1,"name":"Accueil","item":"https:\/\/gil-photo.com\/"},{"@type":"ListItem","position":2,"name":"Home"}]},{"@type":"WebSite","@id":"https:\/\/gil-photo.com\/#website","url":"https:\/\/gil-photo.com\/","name":"GILLES MICHEL","description":"Photographies","potentialAction":[{"@type":"SearchAction","target":{"@type":"EntryPoint","urlTemplate":"https:\/\/gil-photo.com\/?s={search_term_string}"},"query-input":{"@type":"PropertyValueSpecification","valueRequired":true,"valueName":"search_term_string"}}],"inLanguage":"fr-FR"}]}},"_links":{"self":[{"href":"https:\/\/gil-photo.com\/index.php\/wp-json\/wp\/v2\/pages\/3401","targetHints":{"allow":["GET"]}}],"collection":[{"href":"https:\/\/gil-photo.com\/index.php\/wp-json\/wp\/v2\/pages"}],"about":[{"href":"https:\/\/gil-photo.com\/index.php\/wp-json\/wp\/v2\/types\/page"}],"author":[{"embeddable":true,"href":"https:\/\/gil-photo.com\/index.php\/wp-json\/wp\/v2\/users\/1"}],"replies":[{"embeddable":true,"href":"https:\/\/gil-photo.com\/index.php\/wp-json\/wp\/v2\/comments?post=3401"}],"version-history":[{"count":40,"href":"https:\/\/gil-photo.com\/index.php\/wp-json\/wp\/v2\/pages\/3401\/revisions"}],"predecessor-version":[{"id":4522,"href":"https:\/\/gil-photo.com\/index.php\/wp-json\/wp\/v2\/pages\/3401\/revisions\/4522"}],"wp:attachment":[{"href":"https:\/\/gil-photo.com\/index.php\/wp-json\/wp\/v2\/media?parent=3401"}],"curies":[{"name":"wp","href":"https:\/\/api.w.org\/{rel}","templated":true}]}}